emainder when 74 is divided by a(5)?
8
Let h(n) = -n**2 - 7*n + 5. Let a(w) = -4*w + 2. Let f be a(2). What is the remainder when h(f) is divided by 4?
3
Suppose -2*i - 20 = -7*i. Let q(g) = -2*g + 24. Let a be q(11). Let d(y) = -y**3 + 5*y**2 - 4*y + 2. Calculate the remainder when d(a) is divided by i.
2
Let r be (4 - 1 - -1)*-1. What is the remainder when 22 - -1 - (2 - 3) is divided by (r + -9)/(1*-1)?
11
Let u(w) = -w + 5. What is the remainder when 19 is divided by u(-3)?
3
Let i(c) = 3*c**2 + 4*c - 2. Let w be i(2). What is the remainder when 455/63 + (-4)/w is divided by 5?
2
Suppose -2*s - 5*u = -5*s + 45, -4*s - 4*u = -60. Suppose -4*j - 3*n = -20, j - 3*n - 21 + 1 = 0. Calculate the remainder when s is divided by j.
7
Calculate the remainder when ((-3)/12 - 0) + (-1005)/(-20) is divided by 20.
10
Suppose -5*i + 7 = -4*i. Calculate the remainder when i is divided by 6.
1
Let n = 64 - 49. What is the remainder when 74 is divided by n?
14
What is the remainder when 35 is divided by ((-18)/(-27))/(1/18)?
11
Suppose 0 = -2*i - 2*i - 4*v + 84, -2*i = -v - 36. Suppose 22 - 94 = -2*s. Suppose 0*l = -l + s. Calculate the remainder when l is divided by i.
17
Suppose -3*v = 2*v - 20, -3*v = 4*y - 152. What is the remainder when y is divided by 4/(-26) - 158/(-13)?
11
Let d(y) = -4*y**3 - 3*y**2 - 3*y - 1. Let l be d(-2). Suppose 0 = 3*r - l - 62. What is the remainder when r is divided by 15?
14
Let k(h) = -h**2 + 9*h + 62. Calculate the remainder when k(13) is divided by 3.
1
Suppose 0 = -0*l - 3*l + 9, 3*n + 3*l - 135 = 0. What is the remainder when 166 is divided by n?
40
Suppose -b = -5*i - 0*i + 91, 5*b + 18 = 2*i. Let d = i + -8. What is the remainder when ((-21)/(-2))/((-2)/(-4)) is divided by d?
10
Let r(f) = f**3 - 5*f**2 - 1. Let x = 7 - -16. What is the remainder when r(6) is divided by x/2 - 2/(-4)?
11
Let h(o) be the second derivative of 2*o - 1/2*o**2 + 0 - 29/6*o**3. What is the remainder when h(-1) is divided by 10?
8
Let a(f) = -54*f**3 - 2*f**2 - 2*f - 1. What is the remainder when a(-1) is divided by 11?
9
Let m = -30 - -84. What is the remainder when m is divided by 14?
12
Suppose 2*i - 196 = 3*o, 3*i = i - 2*o + 176. Calculate the remainder when i is divided by 31.
30
Let u(s) = 10*s + 3. Calculate the remainder when u(8) is divided by 23.
14
Let o = -7 - -31. What is the remainder when 94 is divided by o?
22
Suppose 0 = -0*n - 2*n + 28. Suppose 4*x - 8 = 3*x. Calculate the remainder when n is divided by x.
6
Let k = 28 - 13. Suppose -2*a + k = 2*m - 3*m, 0 = a + m. Suppose -2*l + 3*l - 17 = 0. Calculate the remainder when l is divided by a.
2
Suppose 9*v + 75 - 363 = 0. Suppose 4*r - 49 = -313. What is the remainder when v is divided by ((-2)/(-4))/((-3)/r)?
10
Suppose -71*u - 25 = -76*u. Calculate the remainder when 21 is divided by u.
1
Let b = 27 + -24. What is the remainder when b is divided by 1?
0
Let b(g) = -2*g - 6. What is the remainder when 31 is divided by b(-11)?
15
Calculate the remainder when 75 is divided by (-552)/(-21) - (-2)/(-7).
23
Let j be ((-3)/(-1))/(9/12). Suppose v + j*v - 90 = 0. Calculate the remainder when 35 is divided by v.
17
Suppose 5*x + 0*x - 362 = 3*y, 0 = -3*x - y + 220. Calculate the remainder when x is divided by 25.
23
Let k = -8 - -11. Calculate the remainder when 4 is divided by k.
1
Let n(u) = u**2 - 5*u + 4. Let s be 1*(0 + 56) - 0. Suppose -h + 5*h - s = 0. What is the remainder when n(9) is divided by h?
12
Let n(o) = 8*o**2 + 4*o - 3. Let x(u) = u**3 - 2*u**2 + 2. Let z be x(4). Let g = -21 + z. What is the remainder when n(2) is divided by g?
11
What is the remainder when -1 + (2 - 2/(-1)) - -25 is divided by 5?
3
Let d = -87 + 145. Let c = -9 + 24. What is the remainder when d is divided by c?
13
Let p = -27 - -78. What is the remainder when p is divided by 13?
12
Suppose -2*y + 74 = -0*y. Let k(l) = 2*l + 6. Let h be k(-4). Calculate the remainder when y is divided by 2/(4*h/(-52)).
11
Suppose 28 - 6 = 2*i. Suppose -2*m + 43 = 5*h, -h - 2*h - 2*m + 29 = 0. Let k(j) = 7*j - 6. What is the remainder when k(h) is divided by i?
10
Suppose -2*s + 3*q - 4*q - 19 = 0, 0 = -3*s - 4*q - 31. Let u = s + 10. Calculate the remainder when 10 is divided by (-6 + 4)/(u/(-2)).
2
Suppose 4*c - 62 = -8*s + 3*s, 0 = 4*s - 2*c - 34. Let o be 6/8*2*10. Let r = o - 9. What is the remainder when s is divided by r?
4
Suppose -58 = -4*f - l + 3*l, -22 = -f + 2*l. What is the remainder when 46 is divided by f?
10
Let a(t) be the second derivative of 2*t**3/3 + 3*t**2 - 2*t. Let g be a(-4). Calculate the remainder when g*(0 + (-42)/15) is divided by 10.
8
Suppose 0 = 5*g + 4*h - 0*h - 44, -4*h = -g + 4. Suppose 5*j - 102 = u, 3*j - g*j + 5*u = -90. What is the remainder when j is divided by 12?
9
Suppose 4*p - 24 - 12 = 0. Suppose -4*g + 4*o + 160 = -g, 5*g - 290 = 2*o. Let b = g - 43. What is the remainder when b is divided by p?
8
Let t = 65 - 17. Let s = t - -49. Let m = -68 + s. Calculate the remainder when m is divided by 15.
14
Let q(i) be the second derivative of i**3/2 + 3*i**2 + 2*i. What is the remainder when q(9) is divided by 12?
9
Suppose -9 = -2*d + r, 0 = 3*d + 4*r - 22 - 19. What is the remainder when 11 is divided by d?
4
Let q(u) = -u**3 - 6*u**2 + 14*u + 15. Calculate the remainder when q(-8) is divided by 8.
7
Let i be 1*(-3 + (-3 - -15)). Let h = i + 1. What is the remainder when 17 is divided by h?
7
Let w = 204 + -98. What is the remainder when w is divided by 18?
16
Let v(q) = -2*q - 8 + q**3 - 2*q**3 + 6*q - 6*q**2. Let g(p) = p + 1. Let i(h) = -4*g(h) - v(h). What is the remainder when 21 is divided by i(-7)?
10
Let o(q) = q + 6. Let p be o(-11). Let v = 7 + p. Calculate the remainder when 3 is divided by v.
1
Suppose 3*n - 19 = 3*r - r, 0 = -2*r - 2*n - 4. Let d(u) = u**3 + 5*u**2 - 5*u - 3. Calculate the remainder when d(r) is divided by 12.
10
Let k = 10 + -2. Let q be 1/(-4)*-4 - 0. Calculate the remainder when (3 - q) + (13 - 0) is divided by k.
7
Suppose -3 = -k, -4*k = -3*n + 17 - 8. What is the remainder when 29 is divided by n?
1
Suppose 0 = 5*z - 4*a - 103, z - 5 = -4*a + 6. Suppose -z = -2*h + 3. What is the remainder when h is divided by -6*(0 + -1) - 2?
3
Suppose 4*a = a + 9. Calculate the remainder when a is divided by 2*1/2 + 1.
1
Let m be -6 - -4 - 4 - -1. Let k(p) = -11*p. Calculate the remainder when k(m) is divided by ((-4)/1)/((-4)/14).
13
Let j(k) = -8*k - 1. Let g(d) = -d - 6. Let c be g(-4). What is the remainder when j(-1) is divided by -2 + (1 - c) + 2?
1
Suppose 0 = -3*x - 1 - 8, v - 51 = -x. What is the remainder when v is divided by 29?
25
Let t(i) = i + 11. Suppose g = 3*g + 12. Calculate the remainder when 13 is divided by t(g).
3
What is the remainder when (-44)/(3 - 5) - -5 is divided by 8?
3
Let i be -1 - -2*2/4. What is the remainder when 24 is divided by 5/(1 + i/2)?
4
Let q = 25 + -20. Calculate the remainder when 12 is divided by q.
2
Let p(u) = u**3 + u + 3. What is the remainder when 4 is divided by p(0)?
1
Let b(n) = n**3 + 12*n**2 + 13*n + 9. Let m be b(-11). Let c = m - -26. Calculate the remainder when 1/(-2) - (-49)/2 is divided by c.
11
Let m(i) = -9*i**3 - 2*i**2 - i. What is the remainder when 39 is divided by m(-1)?
7
Let c(j) = 12*j**2 + 4*j + 2. Let i be c(-2). Let n = 59 - i. Calculate the remainder when n is divided by (-2 - -4) + (3 - -1).
5
Let v = 15 - 0. Let u = -30 - -59. Calculate the remainder when u is divided by v.
14
Let k(l) = l**2 - 3*l + 13. Calculate the remainder when k(10) is divided by 28.
27
Suppose -4*v + v + 15 = 0. Suppose l - 3*p - 38 = -16, 0 = -5*l + v*p + 100. What is the remainder when l is divided by 10?
9
Let z = -25 - -25. Let p(k) = -k**2 - k + 8. What is the remainder when p(z) is divided by 5?
3
What is the remainder when (1*(-11 - 1))/(-2) is divided by 4?
2
Suppose -a = -0*a - 17. Suppose -5*r = -2*k - a, k + 1 = -0*k + r. Let n = 5 - k. Calculate the remainder when 1 is divided by n.
0
Let l(d) = -14*d - 2. Let b be l(2). Let y(s) = 76*s**3 - s**2 + 1. Let q be y(1). Let a = b + q. What is the remainder when a is divided by 12?
10
Let f be 1/(2 - (0 - -1)). Let n be (-1)/((-10)/(-11) - f). Suppose 0 = b - 4*g - 16, -5*b + g = 4*g - n. Calculate the remainder when 6 is divided by b.
2
